est common divisor of 6 and i?
6
Let t = 4 + -4. Suppose 2*k + 4*h + 8 + 34 = t, -3*k = 2*h + 55. Let c = 31 + k. What is the highest common factor of 42 and c?
14
Let y(i) = i - 10. Let p(c) = -5. Let s(m) = -5*p(m) + 3*y(m). Let k be s(5). Let o be (-2)/(-2) + 1 + 3. What is the highest common divisor of k and o?
5
Let o(i) be the third derivative of 0*i + 0 + 1/4*i**4 + i**2 - 1/3*i**3. Let m be o(7). Calculate the highest common factor of 5 and m.
5
Let i = -7 - -9. Suppose i*l + 1 = 5. What is the greatest common divisor of l and 22?
2
Suppose -3*n = -4*o - 43, 5*o - 2*o = 15. Suppose 3*b - n = -0*b. Calculate the greatest common factor of b and 1.
1
Suppose -2*d - 14 = -206. Calculate the greatest common factor of d and 12.
12
Suppose 0*z - 8 = 4*z. Let x = z - -32. What is the greatest common divisor of 15 and x?
15
Let z(m) = -m**3 + 10*m**2 + m - 7. Let r be z(6). Let q be (-54)/(-4) + (-1)/2. Calculate the greatest common divisor of q and r.
13
Let c be 2/(-6) - 104/(-6). What is the highest common divisor of c and 17?
17
Let f = 252 - 99. Calculate the greatest common factor of 17 and f.
17
Let h(f) = 6 - 5*f - 4 - 7*f**2 - f**3 + 0*f. Let v be h(-6). Let r be (-2)/v - 19/(-2). Calculate the greatest common factor of 80 and r.
10
Suppose 0*x = 2*x + 2*b - 76, -x + 4*b + 48 = 0. What is the greatest common divisor of x and 16?
8
Suppose 0 = o - i - 0 - 1, -i = 1. Suppose -5*v = -o*v - 200. What is the highest common factor of v and 10?
10
Suppose -22 = -y - 14. Let w(v) = -v + 2. Let g be w(-2). Suppose -g*t = -4*o - 104, 0*t + 5*o - 14 = -t. Calculate the greatest common factor of t and y.
8
Let x(d) = 27*d - 40. Let m be x(8). What is the highest common factor of m and 11?
11
Let a be ((-2)/6)/((4/(-2))/36). What is the highest common factor of a and 114?
6
Suppose u + 34 = 39. Calculate the greatest common divisor of u and 80.
5
Suppose l = 32 + 10. What is the greatest common factor of 63 and l?
21
Let p be 1/3*((-2 - -58) + 1). What is the greatest common divisor of 247 and p?
19
Let c be (-2)/7 + 44/7. Suppose d + 118 = 4*p, 5*d - 10 = -0*d. What is the highest common divisor of p and c?
6
Suppose 6*h = 2*h + 28. Let v = 52 + 10. Let n = -34 + v. What is the greatest common factor of n and h?
7
Suppose -o - 3*o + t + 14 = 0, 5*t + 6 = 4*o. Let g = 3 + 2. Suppose -g*k + 112 = 3*w, -2*w + 5*w + 28 = 2*k. What is the greatest common factor of o and k?
4
Let f be (-3)/(9/(-12)) + -8 + 8. What is the greatest common factor of f and 12?
4
Let p be -26 + (-6 - (1 - 3)). Let j be ((-9)/(-5))/((-3)/p). Suppose 56 = 4*a - 4*x, 4*x + 2 = a - 0*a. What is the highest common factor of j and a?
18
Let l = 29 + -21. Calculate the highest common divisor of 88 and l.
8
Suppose 0 = 3*z + 15 - 3. Let t be (-62)/(-1) - (-1 - z). Suppose -t = -3*j - 2. What is the greatest common factor of 57 and j?
19
Suppose -4*o = -2*o - 4. Let g(a) = 2*a + 2. Let t be g(-4). Let y be (6/(-5))/(t/80). What is the highest common factor of o and y?
2
Suppose 29 = 5*m + 4*o, 3*o - 9 = -5*m + 19. Suppose 3*f = 2*g + 50, 3*f = -m*g + 2*g + 30. Let b = 108 - 106. Calculate the greatest common factor of b and f.
2
Let w = -72 - -79. Calculate the highest common divisor of 70 and w.
7
Let x = 6 + -2. Let a be ((-6)/x)/(9/(-12)). Suppose -f = -5*w - 2*f + 53, -5*f = -15. Calculate the highest common divisor of w and a.
2
Suppose 5*p - 2 = 8. Suppose r + 4*s - 46 = -2*r, r - 4*s - 42 = 0. What is the highest common factor of r and p?
2
Let w be (5/(60/4))/(1/39). Let x(v) = -7*v**2 + 4*v - 6. Let f be x(4). Let a = f - -219. What is the greatest common divisor of a and w?
13
Let g(q) = -3*q - 12. Let j be g(-5). Calculate the highest common factor of 21 and j.
3
Let f be -1 - (-3 - -3) - -11. Let u(c) = 13*c - 8. Suppose -4 + 22 = 3*i. Let y be u(i). What is the greatest common divisor of y and f?
10
Let w(y) = 8*y. Let n be w(-1). Let m(c) = -c**3 - 9*c**2 - 10*c + 4. Let t be m(n). Calculate the highest common divisor of t and 10.
10
Let a be (12/(-15))/(4/(-130)). What is the highest common factor of 13 and a?
13
Suppose 0 = 3*i - 4*m + 3*m - 137, -i + 3*m = -51. What is the greatest common factor of i and 9?
9
Let s be (-2)/(-1) + 5 + 137. What is the greatest common divisor of 48 and s?
48
Let t be (-47)/15 + 3 + 2982/90. What is the greatest common divisor of 3 and t?
3
Let j(b) = -b - 1. Let y(m) = -6*m - 9. Let i(f) = 4*j(f) - y(f). Let q be i(5). What is the highest common factor of 165 and q?
15
Suppose 5*f = -2*u + 10, -5*u + f + 8 = -17. Suppose 3*v - c = 34, -c = v - 3 - 3. What is the highest common divisor of v and u?
5
Suppose -4*g - t + 10 = 0, g + 0*g = 4*t - 6. Suppose 6*j = j + 3*c + 385, g*j - 180 = -4*c. What is the highest common factor of 10 and j?
10
Let g(a) = 11*a - 1. Let u be g(1). Calculate the highest common factor of 70 and u.
10
Suppose x - 14 = 3*b, -4*b + 5*x - 32 = x. Let i(h) = -3*h - 2. Let n be i(b). Calculate the highest common factor of 63 and n.
7
Let m = -1 + 13. Suppose -21 = -2*q - 5. Calculate the greatest common divisor of q and m.
4
Let y(x) = 3*x - 4. Let w be y(6). Let p = 1 + 1. Suppose 5*k + 12 = -l + 80, -18 = -p*k - 5*l. Calculate the greatest common divisor of w and k.
14
Let z be (2 + 524*-1)/(1 + -2). What is the greatest common factor of 58 and z?
58
Let g = 3 - 0. Let d be 0*(-1)/3 + g. Suppose -q = d*p, -p + 6*p - 4 = -3*q. Calculate the greatest common factor of 15 and q.
3
Let f be -1 + 2 + (-4)/(-4). Suppose f*y - 1 = 5. Calculate the greatest common factor of y and 15.
3
Let g(r) = -68*r - 3. Let s be g(-1). What is the highest common divisor of 13 and s?
13
Let r be (-1402)/(-8) + 2/(-8). Suppose 0 = -6*y + 3*y. Suppose y = 4*j - 3*k - 103, 121 = 4*j + j + 4*k. Calculate the greatest common divisor of r and j.
25
Let s(x) = x**2 - 2*x + 1. Let k be s(1). Suppose 3*j - 5*n + 6 = k, n - 3 = -4*j + 12. Calculate the highest common divisor of 15 and j.
3
Suppose -6*r = -2*r. Suppose -2*a - 4*y + 0*y + 244 = 0, a + 4*y - 124 = r. Calculate the greatest common divisor of 24 and a.
24
Let g = 22 + 10. Calculate the greatest common factor of g and 8.
8
Let o(u) = -u**2 - 8*u + 5. Let j be o(-4). Suppose -2 + 13 = 3*a + 5*m, -5*a + 31 = 2*m. Calculate the greatest common divisor of a and j.
7
Suppose 0 = 5*r + 15, u - 455 = 5*r - 143. Calculate the highest common divisor of 27 and u.
27
Suppose -t - t = 2. Let h = t - -9. Suppose 0 = -3*a + 2*s + 50, 4*s - 6 = 2*a - 26. Calculate the highest common divisor of h and a.
4
Suppose 0 = -2*y - z + 130, -65 = -y + z + 4*z. Let w(j) = -27*j + 19*j - 1 - y*j. Let t be w(-1). What is the highest common factor of t and 8?
8
Suppose -6*n + 84 + 6 = 0. What is the greatest common factor of n and 120?
15
Let c = 126 - 124. Suppose 4*r = 3*g + 55, 5*g + 65 = 4*r - 0*g. Calculate the greatest common factor of r and c.
2
Suppose 3*g + d = -4*d + 26, 4*g + 2*d = 44. Calculate the highest common divisor of g and 24.
12
Let z be 5*-3 + 7/7. Let p be z/(-35) - (-996)/10. What is the highest common divisor of 40 and p?
20
Suppose -3*t - 5*z = -2*t - 10, 2*t = -3*z + 34. Calculate the greatest common factor of 180 and t.
20
Suppose 7*z - 4*z - 10 = -2*y, -2*y - 4*z = -10. Suppose -1 = -y*r + 69. What is the highest common factor of r and 28?
14
Let i(w) = 4*w - 3. Let x be i(2). Suppose -3*p + 94 = 4*z - 0*p, -5*z + 4*p + 133 = 0. Calculate the greatest common divisor of x and z.
5
Let r(l) = l**2 - 8 + 0*l**2 + 12. Let n be r(-6). What is the greatest common factor of n and 60?
20
Let p = 138 - 114. What is the highest common factor of 264 and p?
24
Suppose 7*i = 12*i - 875. Suppose 3*o - 38 = 37. What is the greatest common divisor of i and o?
25
Let o(h) = 2*h**2 - 33*h - 7. Let v be o(17). Calculate the greatest common factor of 20 and v.
10
Let b be -52*(2 + 0 - 1). Let t = b + 87. What is the greatest common factor of 7 and t?
7
Let p be ((-4)/10)/(9/(-1125)). Calculate the greatest common factor of 20 and p.
10
Let t(q) = q**3 + 4*q**2 + 2. Let w be t(-3). Calculate the highest common divisor of 22 and w.
11
Suppose 2*l - 6*l = -12. Calculate the greatest common divisor of 1 and l.
1
Suppose -65 = -2*a + 5*k + 26, -3*a + 156 = -k. Let u = 60 + a. Suppose -u = -3*f - 23. What i